it of x(4)?
3
Let q(r) be the third derivative of r**4/24 - r**3 - 2*r**2. Suppose f + 27 = 2*f - 5*w, 0 = -5*f - 4*w + 19. What is the units digit of q(f)?
1
Let q(m) be the second derivative of m**3/6 + 10*m**2 - 2*m. What is the units digit of q(-9)?
1
Let q = 7 + 22. What is the units digit of q?
9
Let k = 17 - 12. Let r be (-73)/k - (-2)/(-5). What is the units digit of 9/r + 18/5?
3
Let q = 15 - 21. Let w = 2 + q. Let f = w - -8. What is the units digit of f?
4
Suppose 0*x - 3*x + 45 = 0. Let k = x + -10. Let v(r) = r - 1. What is the units digit of v(k)?
4
Let y = 4 + -9. What is the units digit of (8/y)/((-6)/15)?
4
Suppose -3*j - 2*m = -54, 5*j = 2*j - m + 54. Let t = 25 - j. What is the units digit of t?
7
Suppose -110 = -10*f + 5*f. Suppose -5*y + f = -b - 9, -1 = -y - 5*b. What is the units digit of y?
6
Let o(b) = -3*b**3 - 2*b**2 + 2*b + 3. Let i be o(-2). Let g = i + 4. What is the units digit of g?
9
Let z = -102 - -185. What is the tens digit of z?
8
Suppose -4*i + 64 = -40. What is the tens digit of i?
2
Let t(c) = 5*c - 20. What is the tens digit of t(15)?
5
Let m = 8 + -4. Suppose -m*r + 6*u + 19 = 3*u, -r = 4*u + 19. What is the units digit of r?
1
Let o(c) = -7*c**3 + c**2 + 5*c + 1. Suppose -5 = -f - 0*f. Let s(y) = y**3 - y**2 - y. Let q(a) = f*s(a) + o(a). What is the tens digit of q(-3)?
1
Let n(l) = 5*l**2 + 25. What is the hundreds digit of n(6)?
2
Let h(i) = -4*i - 14. Let b be h(-9). What is the tens digit of (b/(-7))/(3/(-21))?
2
Suppose -o = -h + 4*o + 55, -5*h - 3*o = -359. What is the units digit of h?
0
Let h(x) = -5*x**2 - 11*x + 3. Let l(z) = -11*z**2 - 23*z + 6. Let k(i) = 13*h(i) - 6*l(i). Let y be (-4)/10 + 27/5. What is the units digit of k(y)?
3
Let b(q) = -6*q**3 + 5*q**2 + 2*q. Let a(m) = -3*m**3 + 2*m**2 + m. Let h(x) = -5*a(x) + 2*b(x). Let w be h(1). Let v = -1 + w. What is the units digit of v?
1
Suppose -3*d = z - 4*d - 176, 4*d = -z + 186. What is the units digit of z?
8
Let w be 36/((27/(-6))/(-3)). Suppose 3*n - 63 = w. Suppose 0 = 5*t - 119 + n. What is the tens digit of t?
1
Let x(w) = -3*w - 16. Let m(s) = -3*s - 2. Let t be m(3). Let k be x(t). Let n = k + -2. What is the units digit of n?
5
Suppose 4*y - 33 - 51 = 0. What is the tens digit of y?
2
Let u be (-52)/(-6) - 1/(-3). Let f be ((-6)/u)/(6/(-9)). Let x(z) = 7*z**2 - z. What is the units digit of x(f)?
6
Let k = 85 + -50. What is the units digit of k?
5
Suppose -8 + 39 = 3*p - 5*j, 25 = 5*p + 5*j. Suppose g - 5*q + 4 = 0, -4*q = -2*g - p*q + 5. What is the units digit of g?
1
Let o = -1 + 5. Suppose 2*h - 15 = -3*h. Suppose -2*s + 20 = -3*x + o*x, -5*x + 35 = -h*s. What is the tens digit of x?
1
Suppose 6 = -3*j + 21. Suppose 16 = j*l - l. Suppose -4 = c, 4 = -3*d + l*c + 26. What is the units digit of d?
2
Let n(r) = -r**2 + 3*r + 1. Let d be n(3). Suppose d = h - 10. What is the tens digit of h?
1
Let i be (-1)/(9/(-6) + 1). Suppose -f - i*f = -9. Suppose f*n = -0*n + 30. What is the units digit of n?
0
Let q be 1 + (-12)/(-6 + 3). What is the units digit of (5/(-4))/(q/(-20))?
5
Let t(g) be the first derivative of -g**4/4 - g**3 - g**2 + g - 2. What is the units digit of t(-3)?
7
Suppose -m + 1 = -o, -2 - 23 = -5*o - 5*m. Suppose 0 = o*k - 3 - 3. Suppose -5*r = k*l - 82, 5*r - 3*l - 81 = -7*l. What is the tens digit of r?
1
Let n = 82 + -49. What is the tens digit of n?
3
Suppose -5*x = l - 19, -2*x - 174 = -5*l - 25. What is the units digit of l?
9
Suppose 0 = -5*w + c + 4*c + 200, -4*c - 40 = -w. What is the tens digit of w?
4
Let a = 8 + -11. Let j(b) = b**3 + 2*b**2 - 4*b. Let i be j(a). What is the tens digit of 36/10*10/i?
1
Let c = -3 + 9. Suppose r = 4*r - c. Suppose 2*n + r = 4. What is the units digit of n?
1
Suppose -1 = -5*k + 9. Let m be (1 - 3)*(-1 + k). What is the units digit of 1/(m*(-3)/42)?
7
Suppose -2*k + 6 = -0. Suppose 0*i + 33 = k*i. What is the units digit of i?
1
Suppose 0*y + 8 = 2*y. Suppose q - 3*h = h + 14, 0 = -3*q + y*h + 18. Suppose 0 = -q*v + 2 + 14. What is the units digit of v?
8
Let k = 73 + -1. What is the units digit of k?
2
Let r(i) = 4*i - 18. What is the units digit of r(18)?
4
Suppose -5*t - 2*r = -696 - 192, 5*r = -2*t + 372. What is the tens digit of t?
7
Suppose -3 = -2*v + 9. Suppose v = 5*a + 1. What is the units digit of a?
1
Let w(y) = 0*y**2 + 5*y**2 - 1 - y**3 - 4 + 8*y. Let g be w(6). Let p = -3 + g. What is the units digit of p?
4
Suppose -3*u + 2*l + 163 = -58, u - 75 = 2*l. Let d = u + -45. What is the tens digit of d?
2
Suppose 0 = 4*m + 4*w - 184, 2*m - 86 = -0*m - 4*w. What is the units digit of m?
9
Suppose -c + i = -47, -2*c - 42 = 3*i - 151. Suppose 2*t = -x + 25, -3*t - 3*x - x + c = 0. What is the units digit of t?
0
Suppose -3*b + 2*b = 5*f - 63, 0 = -2*f + 2. What is the units digit of b?
8
Let x(h) = 9*h + 1. Let g be x(1). Let y = g + 11. What is the units digit of y?
1
Let n(a) = a**2 - 6*a - 5. Let m be n(7). Suppose m*j + 260 = 7*j. What is the tens digit of j?
5
Let x(s) = -s**3 - 5*s**2 - 6*s - 5. Let p be x(-4). Suppose g - 228 = -p*g. What is the units digit of g?
7
Suppose 5 = 5*k + 2*y, 0 = 5*k - 4*y + 3 - 8. Suppose 0 = 5*z + 4*o + 23, 0 = 2*z - 0*o - 2*o + 2. What is the tens digit of 9*k + (-1 - z)?
1
Suppose 5*g = 4*g - 2. What is the tens digit of ((-10)/(-20))/(g/(-60))?
1
Let l(y) = y**2 + 2*y - 6. Let g be l(-5). Let b = g - 5. What is the units digit of b?
4
Let m = 2 - 0. Suppose -m*p - 115 = -5*c, 4*c + 4*p - 70 = 2*c. Let f = -18 + c. What is the units digit of f?
7
Let q = 54 - 6. What is the tens digit of q?
4
Suppose -1096 = -11*g - 205. What is the tens digit of g?
8
Let k(s) = 2*s**3 + 5*s**2 - 3*s - 3. Let c be k(4). Suppose -c = -5*y - 43. What is the tens digit of y?
3
Let d = -2 - -1. Let u be ((-1)/(-3))/((-1)/(-3)). What is the units digit of (0 + d)*(u + -6)?
5
Let o = -22 + 13. Let v = o - -16. What is the units digit of v?
7
Let h(w) = w**2 - 8*w + 3. Let d be h(8). Let o(n) = n**2 + n + 1. What is the units digit of o(d)?
3
Let q be (-76)/(-18) - 10/45. Suppose u = -4*n - n + 10, 5*u = q*n + 21. What is the units digit of (-2 + n)/(-1 + 0)?
1
Let d = -21 - -82. What is the tens digit of d?
6
Suppose -2*s - 10*y = -9*y - 519, 5*s - 4*y = 1330. What is the units digit of s?
2
Let l be -2 - -5 - 5 - -11. Let x(k) = -k + 22. What is the units digit of x(l)?
3
Suppose 2 = 4*u - 6. Suppose -u*c = -10 + 2. Suppose t + 2 = 0, -x - 3*x = -c*t - 92. What is the units digit of x?
1
What is the tens digit of 2 - (-24 - (0 + -2))?
2
Let t be 6/(-15) - 3/5. Let u be 2/2 + (-1 - t). What is the units digit of (2 - 2)/u + 2?
2
Let t(m) = m**2 - 7*m. Suppose -4*b = -2*r - r + 8, -3*r - 4*b = -40. Let x be t(r). What is the units digit of ((-18)/(-5))/(x/20)?
9
Suppose 4*u - 25 = -5. What is the units digit of u?
5
Suppose -125 = -5*w - y, 2*w - 3*y - 58 = -5*y. What is the tens digit of w?
2
Suppose -26 = -2*v - 176. Let y = v + 115. Let f = y - 21. What is the tens digit of f?
1
Let a be (-1)/(-2) - (-63)/6. Let c = 16 - a. Let s = 11 - c. What is the units digit of s?
6
Let j be (5/15)/(1/6). Suppose -5*i + 22 = j*g, 0 = 5*i + 2*g + g - 18. What is the units digit of i?
6
Let f = 16 - 31. Let d = f - -61. Suppose -d = -4*a - 10. What is the units digit of a?
9
Let v = 7 - 3. Suppose p - v*p - 13 = s, -p + 3*s = 1. Let n = p - -21. What is the units digit of n?
7
Let c = -9 - -9. Suppose -j + u = 4*u + 11, 4*j + 5*u + 9 = 0. Suppose j*m = -c*m + 36. What is the units digit of m?
9
Let q(z) = z - 9. Let c(r) = r - 10. Let t(b) = 4*c(b) - 5*q(b). What is the tens digit of t(-5)?
1
Suppose 4*i + 6*s = 5*s + 12, -s = 4. Let y = 6 - i. What is the units digit of y?
2
Let v = 17 - -20. What is the units digit of v?
7
Let p = -81 + 158. What is the units digit of p?
7
Let u = 12 + -19. Let h = u + 28. Let d = -15 + h. What is the units digit of d?
6
Suppose 0 = -s + 8. Suppose 5*y + 5*h + 6 = 26, 2*y - s = h. Suppose -y*a - 6 = -34. What is the units digit of a?
7
Let v(w) = -w**2 - 6*w. Let r be v(-5). Suppose 3*o = t + 5*o - 30, r*o - 10 = 0. What is the tens digit of (t/3)/((-2)/(-3))?
1
Let t = -91 + 103. What is the units digit of t?
2
Suppose 2*p = 216 - 88. Suppose -4*o + p = -3*r, 58 = 4*o - 2*o + 5*r. What is the units digit of o?
9
S